32*p. Suppose p - 81 = 2*c. Is 0 - 11840/(-22) - (-6)/c a composite number?
True
Suppose -2*w = 4*q - 20820, -26043 = -11*q + 6*q + 2*w. Is q a composite number?
True
Suppose 0 = -5*c - 2*v - 69, -c + 2*v = 3*c + 66. Let x(r) = 10 + r**3 - 32*r**2 - 7*r + 38*r**2 + 12 + 29*r**2. Is x(c) a prime number?
False
Let p(u) = u**3 - 13*u**2 + 23*u + 1. Let v be p(10). Let n be (297/(-2))/3*-4. Let r = v + n. Is r a composite number?
True
Let j = 6 + 241. Let l(t) = -3 - j*t - 112*t - 4 + 2. Is l(-6) a composite number?
True
Suppose w - 3*w + 4*z + 24 = 0, 0 = -2*w - 3*z - 4. Suppose -w*l + 117 = 3*y - 11635, 3*l + 5*y = 8803. Suppose -1481 = -6*c + l. Is c a composite number?
True
Is 3/((-117)/6) + 77088501/481 a prime number?
False
Let i = -18758 - -42177. Is i prime?
False
Let q(m) = 13*m - 16. Let c be q(4). Let y be (-12)/c + (-10)/6. Is y + 641 - -2*(-2 + 3) a composite number?
False
Let f = -46 - -97. Let w = 45 - f. Is (7210/(-6) + (-4)/w)/(-1) a prime number?
True
Suppose -4*s = -7*s, 2*m = 2*s. Suppose m*w - 56410 = -5*w - 5*f, -4*w = -2*f - 45158. Is w prime?
True
Suppose 0 = -21*k + 13*k + 16. Is k*(4 - 5969/(-2) - -2) composite?
False
Suppose -5*l - 14 = -2*m, 5*m + 2 = 3*l + 18. Is (0 - 3777)*(4/3 + l) a prime number?
False
Let l(c) be the third derivative of -c**6/120 + c**5/12 + 7*c**4/24 + 13*c**3/6 + c**2. Suppose k = -2, 3*k - 400 + 390 = 2*u. Is l(u) a prime number?
False
Let o be (-6)/10 + 3250467/45. Suppose 16*f - o = 8*f. Is f composite?
False
Suppose i + 5*f + 3 = 0, 2*i - i + 4*f + 3 = 0. Let k be (i - (-26)/10)*-10. Suppose t - k*g = 6*t - 227, 5*t = -g + 218. Is t a composite number?
False
Suppose -2*r + 134 = -4*r. Let v = 67 + r. Suppose v*t = 2*t - 4918. Is t a composite number?
False
Let a be 1*(-12)/10*30/(-9). Suppose -b + 199 = a*j, 2*b + 0*b - 6 = 0. Suppose k - j = -6*k. Is k a prime number?
True
Suppose -3*o = 2*d - 8, -7*o + 9*o + 16 = 4*d. Suppose d*u - 32506 = 14226. Is u a composite number?
True
Let k(o) = 5998*o**2 + 6*o - 6. Let v be 6/54*0 - (2 + -3). Is k(v) a composite number?
True
Suppose 8*c = 11*c + 12. Is (-35)/((-1715)/46956) - c/(-14) a prime number?
False
Let s(d) = -21*d - 23. Let m(a) = -a**2 + a. Let l(p) = -m(p) - s(p). Let j be l(-19). Is j*(-1046)/(-4) - 3 composite?
True
Is ((-457527)/(-49))/(165/385) a composite number?
False
Let u(x) be the second derivative of -95*x**3/6 - 31*x**2/2 + 17*x. Let p be u(6). Let n = 310 - p. Is n composite?
False
Let h = -240 + 242. Is (-37)/h*(-7 + 5) a prime number?
True
Let s(x) = -9*x - 17. Let y(c) = -8*c - 17. Let t(b) = 5*s(b) - 6*y(b). Let o be t(-8). Is 207/2 + o/(-2) + -4 composite?
False
Suppose 95*x - 444759 = 5119486. Is x prime?
False
Is (-541531922)/(-2354) - 2/11*3 composite?
False
Suppose -104*d - 420898 = -107*d - 5*m, 4*d = -3*m + 561179. Is d a composite number?
True
Suppose 11*g = 8*g + 1371. Suppose -6*c + g = -3353. Is c a composite number?
True
Suppose -2*m = -q - 24, 5*m - 60 = -0*m - 5*q. Suppose 0 = -0*b - 6*b + m. Let w(l) = 76*l**3 + 4*l**2 - 5*l. Is w(b) a composite number?
True
Let v(j) = 16418*j**2 - 107*j - 56. Is v(-5) a prime number?
True
Is (-1)/((8/32*-4)/53689) a composite number?
True
Let b(p) = 14402*p + 1051. Is b(24) a prime number?
True
Let a = -27458 - -19110. Let n = 12397 + a. Is n prime?
True
Suppose 150*f + 197*f - 219775573 = 0. Is f a prime number?
True
Suppose 95 - 103 = -2*a. Let j be 8/(-4*(a + 36/(-8))). Let h(u) = 11*u**3 - 7*u - 3. Is h(j) a composite number?
False
Let v(c) = -2*c - 12. Let r be v(-5). Let z(d) = -69*d + 12. Let t be z(r). Let n = t + -76. Is n prime?
False
Let l(k) = -k**2 + 2*k + 22. Let m be l(0). Let t = m - 25. Is 2048/10 + t/(-15) composite?
True
Let d be (6/(-2) + -22944)*-1. Let s(u) = -3*u - 15. Let h be s(-6). Is (2 - 5/h)*d a composite number?
False
Let g be 6/15 + 39/15. Suppose -4*a = 6*b - 5*b + 2, g = -3*a. Suppose -b*n + 1572 = -622. Is n composite?
False
Suppose -l + 13*b + 285261 = 9*b, 2*l - 2*b = 570492. Is l prime?
False
Let h = -15553 + 32516. Is h prime?
True
Suppose -2*l - 4*p - 6 = 3*l, 2*p + 8 = 0. Suppose 5*i + 9 + 7 = l*a, -12 = -2*a + 3*i. Is (-15638)/(-42) - ((-2)/a + 0) prime?
True
Let h(o) = o**3 - o + 680. Let n be h(0). Suppose 25*i - 3955 = -n. Is i prime?
True
Let x(h) be the first derivative of 48*h**2 - 19*h + 7. Is x(3) a prime number?
True
Let c = -6316 - -14372. Suppose 4*q + 4*l + 2104 = c, q - 1476 = 2*l. Suppose -3*j = -i + q, 0 = 3*i + 5*j - 6183 + 1745. Is i prime?
True
Let g = -46 - -17. Let q be (-2)/9 + g/(-9). Suppose -k + q*w = -680, -2*w = -k - 5*w + 662. Is k composite?
True
Suppose 387*t = 304*t + 10412599. Is t a composite number?
False
Let z be (-7)/5 - -2 - (-77)/55. Suppose -z*i = -7*i + 500. Suppose -i + 4855 = 3*r. Is r a composite number?
True
Suppose -3*s - 69 + 93 = 0. Suppose -s*w + 36885 = 7*w. Is w composite?
False
Let q = -341 - -339. Is ((-4462)/(-4) - 2)/((-1)/q) prime?
False
Let g(u) = 51*u**2 + 24*u - 5. Let f be g(5). Suppose 0 = -15*j + 13*j + f. Is j a composite number?
True
Let l be (2/3)/((-11)/(1155/(-14))). Let w(f) = 4*f**2 + f - 5. Let b be w(6). Suppose l*j - b = 210. Is j a prime number?
True
Let u(f) = -f**2 + 14*f - 8. Let y be u(4). Let w be (580/(-26))/(-2) + y/(-208). Suppose w*m = 2*m + 117. Is m prime?
True
Suppose -40*f + 2427917 + 1089349 = -855094. Is f a prime number?
False
Suppose -2*x + 783749 = 5*n, 0 = -4*n + 3*x + 794094 - 167104. Is n prime?
True
Let z = 77221 + -24110. Is z a prime number?
False
Let x = -128 - -130. Suppose 2*h - 5*h + 9881 = -4*g, x*h - 3*g = 6586. Is h composite?
False
Let w(m) = -368*m - 15. Suppose r + 7 = -3. Let p be w(r). Suppose 9*v - p = 4*v. Is v prime?
True
Let h(u) = 38812*u**2 + 951*u + 1901. Is h(-2) prime?
False
Let w = 71 + -67. Let j be (10 - w)/(3/4). Suppose -4*g + j*g - 5036 = 0. Is g prime?
True
Suppose -14086*k = -14051*k - 3020045. Is k prime?
True
Suppose c - 761 = -7003. Let w = -4179 - c. Is w a prime number?
True
Let y = -1228 + 3631. Let l = y - 1424. Is l prime?
False
Let j(k) = -270*k**3 - 12*k**2 - 12*k + 187. Is j(-6) a prime number?
True
Let i be -2 + 598/4 + (-3)/(-6). Suppose 0 = 2*q - 3*q - 3*w + 71, -2*q - 3*w + i = 0. Is (-4)/(-22) + 84609/q composite?
True
Suppose n - 2*g - 389 = 0, -4*g = -7*g - 6. Let m = n - -152. Suppose i + m = 4*i. Is i prime?
True
Suppose 36*l - 9*l + 41*l = 14785988. Is l composite?
True
Suppose f - 229260 = -2*v, -5*f + 6689 + 222579 = 2*v. Is v a composite number?
True
Let w = -25 + 21. Let u(n) = n + 4. Let b be u(w). Suppose b*z = z - 191. Is z a prime number?
True
Suppose -2*p = -5*n - 100552, -3*n - n + 201020 = 4*p. Is p a composite number?
False
Suppose -47*c - 200500 = -591211. Suppose -4*s - c = -7*s. Is s prime?
False
Let u be -1 + (-14)/(-10) + (-16)/(-10). Let l(s) = -205*s - 6. Let z be l(-13). Suppose z = 3*a - u*j, -3*a - j = 2*a - 4449. Is a a composite number?
True
Let m = -8 + 14. Let g(l) be the third derivative of l**6/120 - l**5/20 - 5*l**4/24 + 5*l**3/6 + 49*l**2. Is g(m) prime?
True
Suppose 5*x - x = 3*z - 305, 0 = 2*x + 10. Let v be z/10 + 1/2. Is ((-20)/50 + (-6726)/v)/(-1) composite?
False
Let k(o) = o**2 - 5*o + 12. Let f be k(8). Let s = f - 33. Suppose -5*t + 2*m = -s*m - 615, 107 = t + 3*m. Is t a composite number?
True
Is ((-103140 - 0) + -14)/(-2) a composite number?
False
Let l(p) = -p**3 + 19*p**2 - 13*p - 45. Let r be l(15). Let j = r - -1543. Is j composite?
False
Let h = 187651 - 92670. Is h a prime number?
False
Let t = -216 + 217. Is ((-13710 + t)/1)/(-75 + 74) prime?
True
Suppose -1256429 = 1508*d - 1583*d + 24507346. Is d prime?
True
Let a = 4718 - -676. Is (a/(-31))/(9/(-3)) a prime number?
False
Suppose -2*f - 268*i + 264*i + 66798 = 0, 4*f - 133661 = 5*i. Is f a composite number?
False
Let u = -529 - -608. Is (-12046)/(-4) + u/(-158) composite?
False
Let j(d) = 3*d**3 - 4*d**2 + d - 1. Let c be j(3). Let h = c - 44. Suppose h*a + s = 4169, -2*a = -s - 780 - 1996. Is a composite?
True
Let h = -19 - -31. Let d be (32/(-24))/(1/3). Is d/(-2)*1266/h a prime number?
True
Let l(j) = 18107*j - 373. Is l(16) composite?
True
Let r(h) = -5*h - 18. Let c be r(-5). Suppose -30 = -c*x - 3*x. Suppose -4*z = 4, -2*p + 266 = x*p - z. Is p prime?
True
Let m be (-26)/(-5)*5/2. 